 1981 - 420 = -h. List the prime factors of t.
479
Let q = 0 + 16. Let b = q - 3. Let j = 65 - b. What are the prime factors of j?
2, 13
Let z(v) = -30*v + 21. Suppose 5 = -2*j - 5. List the prime factors of z(j).
3, 19
Let c(p) = -2*p**2 - 4*p - 3. Let k be c(-4). Let z be k/(6/(-4) + (-4)/(-3)). Let q = z - 56. What are the prime factors of q?
2, 29
Let u = 68175 + -47571. What are the prime factors of u?
2, 3, 17, 101
Let b(h) = -2*h**3 - 2*h**2 - 2. Let i be b(-2). Suppose j + 5*t = -i - 2, -2*j = t - 2. What are the prime factors of j/(-4) - 1/((-2)/171)?
5, 17
Suppose 4*y - 3*x - 1928 = 3399, -5*x = 2*y - 2683. Suppose -4116 - y = -5*n. What are the prime factors of n?
2, 5, 109
What are the prime factors of (6 + 2 + -4)/((-100)/(-258925))?
10357
Let s(x) be the third derivative of x**5/30 + x**4/24 - x**3/2 - 4*x**2. Let o = 157 + -151. List the prime factors of s(o).
3, 5
Let o(y) = 1508*y**2 - 134*y - 490. What are the prime factors of o(-4)?
2, 3, 17, 79
Let t = -854 - -881. Suppose 2*d = x + 2730, t*x - 22*x + 5460 = 4*d. List the prime factors of d.
3, 5, 7, 13
Suppose -15151 = 18*p - 147253. What are the prime factors of p?
41, 179
Let k(d) = -d**3 - 8*d**2 - 31*d + 21. Let y be k(-10). Let r = -364 + y. List the prime factors of r.
167
Suppose -3*t - 176380 = -5*s, 0 = -4*s + 212*t - 213*t + 141087. List the prime factors of s.
7, 5039
Suppose 3*d = -71 + 107. List the prime factors of ((-1714)/d)/((-7)/42).
857
Let w(u) = -u**2 + 20*u - 59. Let c be w(7). List the prime factors of (-7132)/(c/(-8)) + 3 + 3.
1789
Suppose -20*q - 5779 + 20499 = 0. Let v = -6 + q. List the prime factors of v.
2, 5, 73
Suppose -5*g = 2*o - 167681, -5*o - 8*o = -4*g + 134174. List the prime factors of g.
3, 7, 1597
What are the prime factors of -53*6*(-65)/39?
2, 5, 53
Suppose -4*m + 3*m + 324 = 4*h, 2*h + 4*m - 148 = 0. Suppose -t + h = -5*z, 5*z - 9*z + 220 = 2*t. List the prime factors of t.
2, 3, 17
Let v = -237 + 172. Let u = v - -451. List the prime factors of u.
2, 193
Let w = -1119 - -1895. Let o = w + -151. What are the prime factors of o?
5
Suppose -11*x + 9025 + 51892 = -53780. What are the prime factors of x?
10427
Let s be -3 + ((-6)/8)/((-9)/72). Suppose 3*j = r + 2*j - 200, -s*j + 415 = 2*r. List the prime factors of r.
7, 29
Let x be (-30)/10 - (1 - 8). Let o be (3/x)/(8/256). Suppose 2*w - o - 38 = 0. What are the prime factors of w?
31
Let g(j) = j**2 - 2. Let m(h) = 14*h**2 + 6*h - 5. Let p(b) = -2*g(b) + m(b). List the prime factors of p(-6).
5, 79
Let x = -4598 + 12270. What are the prime factors of x?
2, 7, 137
Let r = 319 + -317. Suppose h - 1192 = r*g, -5*g = -4*g - 5. What are the prime factors of h?
2, 601
Let l(i) = i + 26. Let v be l(13). Let q(u) = 86*u + u**2 - 17 - 44*u - v*u. What are the prime factors of q(-7)?
11
Let h be (6/9)/((-1)/(-15)). Suppose 3*x - h = 3*v + 11, -v = 2. Suppose x*u - 125 = 20. What are the prime factors of u?
29
What are the prime factors of (-30451)/(-7) - 468/(-546)?
19, 229
Let q(d) = 581*d**2 - 217*d - 1331. List the prime factors of q(-6).
20887
Let k(x) = 55*x**2 + 5*x. What are the prime factors of k(-19)?
2, 5, 13, 19
Let k(x) = -6538*x**3 + x**2 - 4*x + 4. Let h be k(1). What are the prime factors of h/(-18) - (26/12 + -2)?
3, 11
Let m = -9262 + 25566. List the prime factors of m.
2, 1019
List the prime factors of (-79)/(-26)*(-6 - -9968) - (-254)/(-1651).
30269
Suppose 3*m = -3*p - p + 28, 5*m = -3*p + 32. Suppose 11*y = -7 - m. What are the prime factors of y*2 + (-1 - -52)?
7
Suppose -3*l + 5*i - i = -5239, 5*l - 8701 = -i. Let c = l + -885. List the prime factors of c.
2, 107
Let a = -57567 - -86853. List the prime factors of a.
2, 3, 1627
Suppose 0 = -6*r + 2198 + 2206. Suppose -81*q = -82*q + r. What are the prime factors of q?
2, 367
Let f = 114 - -159. Suppose 5*w - 1077 = f. Let j = w + -160. What are the prime factors of j?
2, 5, 11
What are the prime factors of (21/3 + -9)/((-4)/9022)*2?
2, 13, 347
Let s(m) = -2*m - 6. Let q be s(-2). Let h be 29/q + (-30)/(-20). Let x = h - -18. List the prime factors of x.
5
Let y(k) = 6*k**2 + 40*k - 9. Suppose -5*m = -17*d + 18*d + 45, -2*d = -10. What are the prime factors of y(m)?
191
Let l be (-42)/(-8) + (-1)/4. Let g(n) be the first derivative of -n**4/4 + 10*n**3/3 + 2*n**2 + 6*n + 1882. What are the prime factors of g(l)?
151
Suppose 69*q = 72*q + 4*s + 18, 6 = 3*q - 4*s. Let w(c) = -178*c - 40. List the prime factors of w(q).
2, 79
Let x(j) = 2*j**2 - 20*j - 7. Suppose 22 = m - 5*h, -m - 3*h + 54 = -0*h. Suppose c - m = -2*c. List the prime factors of x(c).
3, 5, 7
Suppose 0 = 2*u + 19 - 25. Suppose 7 = -y + u*c, 0 = 4*y + c - 3*c + 38. What are the prime factors of (0 + 665/y)/((-1)/2)?
7, 19
Suppose -175 - 37 = 4*h. Let k = h - -667. What are the prime factors of k?
2, 307
Suppose 114 = -l + 2*b - 68, -3*l - 574 = b. Let k = l - -294. What are the prime factors of k?
2, 13
Suppose 0 = -h + z + 22, 2 = -5*z - 13. Suppose 0 = -3*a - 6, 18*a - h*a = -3*c + 557. List the prime factors of c.
5, 37
Suppose -14313 = 48*x - 50*x + 54547. List the prime factors of x.
2, 5, 11, 313
Let t(h) = -95*h - 4. Let w be t(-8). Suppose 372*a - 369*a - w = 0. List the prime factors of a.
2, 3, 7
Suppose 5*j + 113 = -g, 3*g + 3*j - 69 + 456 = 0. Let p = 805 + -569. Let k = g + p. List the prime factors of k.
103
Let b be (-1)/1 - (10 - 1068). Suppose 3*h = 5*j - b, 3*h = 8*j - 6*j - 430. What are the prime factors of j?
11, 19
What are the prime factors of (238950/1080)/((-2)/(-144))?
2, 3, 5, 59
Let g = -84 + 95. What are the prime factors of ((-40)/2)/(g/(-187))?
2, 5, 17
Suppose 0*l - 3*l - 3*t + 87 = 0, t = -5*l + 153. Suppose 9 = 34*c - l*c. Suppose 53 = c*m - 295. What are the prime factors of m?
2, 29
What are the prime factors of (81 - -6266)/(2/10)?
5, 11, 577
Suppose 151296 = -4603*s + 4627*s. What are the prime factors of s?
2, 197
Let h(u) = 18*u - 7 - u**2 + 10 - 25*u. List the prime factors of h(-4).
3, 5
Let s(t) = 17*t**2 - t + 2. Let h be s(1). Let k(j) = -j**3 - 16*j**2 - 2*j. Let d be k(-16). Let g = d - h. List the prime factors of g.
2, 7
Let t(g) = 7*g - 274. Let k be t(40). Suppose 27 = -f + 467. Suppose -5*h = k*h - f. What are the prime factors of h?
2, 5
Let n(i) = -i**2 - 81*i + 716. What are the prime factors of n(-79)?
2, 19, 23
Let s(q) = 3388*q**2 - 26*q + 43. List the prime factors of s(2).
29, 467
Let r = 91 - 86. Let i(g) = 2*g**3 - 20*g - 17. Let b(q) = -3*q**3 + 30*q + 26. Let f(k) = r*b(k) + 7*i(k). What are the prime factors of f(-6)?
167
Let w = 11090 - 4873. What are the prime factors of w?
6217
Suppose 14*o - 1498 + 420 = 0. Suppose 2243 = 6*v + o. What are the prime factors of v?
19
Suppose -141*s + 723031 = -6200162 - 3058056. What are the prime factors of s?
29, 2441
Let z be 3 + (0 - 1) - (-5 + 5). List the prime factors of (-2 + 3 + 0)*(z - -631).
3, 211
Let s = 12545 - 6357. What are the prime factors of s?
2, 7, 13, 17
Let f(w) = 12*w**3 - 9*w**2 - 53*w + 324. What are the prime factors of f(11)?
2, 457
What are the prime factors of (-338 + 41)/27 - 16*-3153?
31, 1627
Suppose -339770 = -149*r + 767151. List the prime factors of r.
17, 19, 23
Let h = 418 + -416. Suppose 5*c - 8 + 84 = 3*o, -o - h*c = -29. What are the prime factors of o?
3
Let i = 110736 - 19787. What are the prime factors of i?
103, 883
Let k(y) = 7*y**2 + 4*y - 25. Let r be k(-9). Let n be r/10 + 44/110. Let q = n + -12. What are the prime factors of q?
3, 13
Let s(w) = 3*w + 114. Let i be s(17). Let p = i - -308. What are the prime factors of p?
11, 43
Let k(a) = 15*a**2 - 10*a + 7. Let l be k(1). Suppose -15*t = l*t - 29781. List the prime factors of t.
1103
What are the prime factors of (-2420)/(-660)*77514/11?
2, 12919
Let l(y) = -y**2 - 9*y + 97. Suppose -3*u = -2*u + 3*s + 27, 2*u - s + 26 = 0. List the prime factors of l(u).
7
Let c = 52743 - 15039. What are the prime factors of c?
2, 3, 1571
Let b(y) = 15*y - 39. Suppose -2*c + 3*s = -2*s - 27, 0 = -4*c + 2*s + 30. What are the prime factors of b(c)?
3, 17
Suppose r + 557 = -2*r + i, -5*i = -5*r - 925. Let m = -139 - r. What are the prime factors of m?
47
Let d(g) = -582*g**2 - 2. Let f be d(-1). Let o = -855 - f. Let l = -158 - o. List the prime factors of l.
113
Let t(